?
True
Is 35781 composite?
True
Is 132499 prime?
True
Is 336491 prime?
True
Is 1120051 prime?
True
Is 58141 composite?
True
Is 41991 a prime number?
False
Is 1053179 a composite number?
False
Is 86819 prime?
False
Is 9111 composite?
True
Is 1384679 a prime number?
True
Is 141567 prime?
False
Is 27847 a composite number?
False
Is 38585 a prime number?
False
Is 26339 a composite number?
False
Is 482041 a composite number?
True
Is 14081 a composite number?
False
Is 910939 a composite number?
False
Is 76403 composite?
False
Is 204783 prime?
False
Is 1411 composite?
True
Is 91997 a composite number?
False
Is 12839 a composite number?
True
Is 58165 composite?
True
Is 1011 composite?
True
Is 13063 prime?
True
Is 2957861 a prime number?
True
Is 325571 composite?
False
Is 10411 prime?
False
Is 7651 a prime number?
False
Is 68993 a prime number?
True
Is 94918 composite?
True
Is 18673 prime?
False
Is 72139 composite?
False
Is 56437 composite?
False
Is 112967 a prime number?
True
Is 736301 a composite number?
True
Is 382919 composite?
False
Is 206759 a prime number?
False
Is 54283 composite?
True
Is 8641 composite?
False
Is 6761 prime?
True
Is 67589 composite?
False
Is 6913 a prime number?
False
Is 922151 a composite number?
True
Is 67601 a prime number?
True
Is 200153 a composite number?
False
Is 2321 a prime number?
False
Is 267541 composite?
False
Is 18859 a composite number?
False
Is 320531 a composite number?
True
Is 755 a prime number?
False
Is 615709 composite?
False
Is 379 a prime number?
True
Is 43451 a prime number?
True
Is 176299 prime?
True
Is 375619 composite?
True
Is 32446 a composite number?
True
Is 52051 a composite number?
False
Is 85873 a composite number?
True
Is 9509 composite?
True
Is 2391 a composite number?
True
Is 77543 composite?
False
Is 8179 a prime number?
True
Is 29917 a prime number?
True
Is 6521 composite?
False
Is 139589 a composite number?
False
Is 278479 a prime number?
True
Is 28277 composite?
False
Is 24131 a prime number?
False
Is 946787 a composite number?
True
Is 37 prime?
True
Is 25129 composite?
True
Is 43499 prime?
True
Is 77795 composite?
True
Is 10221 composite?
True
Is 49645 a prime number?
False
Is 613 a prime number?
True
Is 126539 a prime number?
False
Is 37427 a composite number?
True
Is 12437 a composite number?
False
Is 1401769 a composite number?
True
Is 2798737 composite?
False
Is 192251 a composite number?
False
Is 895 a prime number?
False
Is 177 a prime number?
False
Is 81611 a prime number?
True
Is 4024985 prime?
False
Is 35291 prime?
True
Is 3370841 composite?
False
Is 451873 a composite number?
False
Is 105809 a prime number?
False
Is 556397 a composite number?
True
Is 101477 a prime number?
True
Is 100267 composite?
False
Is 926335 a composite number?
True
Is 28859 prime?
True
Is 46481 a composite number?
True
Is 26591 composite?
False
Is 4481 a composite number?
False
Is 37119 a composite number?
True
Is 2014309 a prime number?
False
Is 14023 prime?
False
Is 35051 a composite number?
False
Is 158393 a composite number?
False
Is 440845 prime?
False
Is 2834233 composite?
False
Is 65399 composite?
True
Is 15427 a prime number?
True
Is 979 a composite number?
True
Is 613787 prime?
False
Is 23809 a prime number?
False
Is 91331 a composite number?
False
Is 110221 prime?
True
Is 13291 composite?
False
Is 229661 a composite number?
True
Is 1451917 composite?
True
Is 631285 a composite number?
True
Is 24377 a composite number?
True
Is 5747 composite?
True
Is 14137 a composite number?
True
Is 787 a composite number?
False
Is 163669 a composite number?
True
Is 1146133 composite?
False
Is 28901 prime?
True
Is 26905 a composite number?
True
Is 571327 a composite number?
True
Is 74587 a composite number?
False
Is 9311 prime?
True
Is 4640717 composite?
False
Is 19567 composite?
True
Is 768671 prime?
True
Is 5209 prime?
True
Is 41467 prime?
True
Is 18301 a composite number?
False
Is 1612903 prime?
True
Is 23453 prime?
False
Is 184537 a composite number?
True
Is 7641611 a prime number?
True
Is 2122 a prime number?
False
Is 14827 prime?
True
Is 382693 composite?
False
Is 12437 composite?
False
Is 11329 a composite number?
False
Is 10261 composite?
True
Is 2939 a prime number?
True
Is 48221 prime?
True
Is 13711 a composite number?
False
Is 23099 composite?
False
Is 64553 a composite number?
False
Is 765299 prime?
False
Is 2333 a composite number?
False
Is 735685 prime?
False
Is 2427899 composite?
False
Is 9767 prime?
True
Is 155921 composite?
False
Is 1439 a composite number?
False
Is 7514087 a composite number?
True
Is 566057 a prime number?
True
Is 40799 prime?
False
Is 27949 prime?
False
Is 16811 a prime number?
True
Is 305837 a prime number?
False
Is 53183 prime?
False
Is 8929 a prime number?
True
Is 1011981 a composite number?
True
Is 272695 prime?
False
Is 33691 composite?
True
Is 77863 composite?
False
Is 51995 prime?
False
Is 2801065 a prime number?
False
Is 306401 a composite number?
True
Is 15761 composite?
False
Is 433829 composite?
True
Is 17521 composite?
True
Is 47051 a composite number?
False
Is 10453 prime?
True
Is 24659 a prime number?
True
Is 20153 composite?
True
Is 4999 prime?
True
Is 110849 a composite number?
False
Is 1151 a prime number?
True
Is 26431 prime?
True
Is 932093 a prime number?
False
Is 5381 prime?
True
Is 17849 prime?
False
Is 9753 a prime number?
False
Is 3184613 a prime number?
True
Is 12929 a composite number?
True
Is 322319 composite?
False
Is 514814 prime?
False
Is 2357 a composite number?
False
Is 22889 prime?
False
Is 3203 prime?
True
Is 114809 composite?
False
Is 2349773 a composite number?
False
Is 44761 a composite number?
True
Is 1337 prime?
False
Is 2429103 a composite number?
True
Is 23531 a prime number?
True
Is 587 prime?
True
Is 14131 a composite number?
True
Is 122443 a prime number?
True
Is 79685 composite?
True
Is 23143 a prime number?
True
Is 13561 a composite number?
True
Is 1075957 a prime number?
True
Is 18517 a composite number?
False
Is 22433 a prime number?
True
Is 18059 a composite number?
False
Is 17951 a composite number?
True
Is 8803 a prime number?
True
Is 44337 composite?
True
Is 86923 a prime number?
True
Is 459707 a prime number?
False
Is 2051 composite?
True
Is 1040629 a composite number?
False
Is 44246 composite?
True
Is 93865 a prime number?
False
Is 38069 a composite number?
False
Is 7829 composite?
False
Is 943013 prime?
True
Is 187251 a composite number?
True
Is 6733 a composite number?
False
Is 123373 a composite number?
False
Is 8261 a prime number?
False
Is 1162835 a prime number?
False
Is 13019 composite?
True
Is 669155 prime?
False
Is 83726 a prime number?
False
Is 42323 composite?
False
Is 267043 a composite number?
True
Is 19661 a prime number?
True
Is 22961 prime?
True
Is 36037 a composite number?
False
Is 761 composite?
False
Is 38242 composite?
True
Is 21817 a prime number?
True
Is 66389 a composite number?
True
Is 190133 composite?
True
Is 1829 composite?
True
Is 10939 prime?
True
Is 623495 prime?
False
Is 6119 a prime number?
False
Is 10997 a prime number?
False
Is 5293 composite?
True
Is 164173 composite?
False
Is 347879 composite?
True
Is 193241 composite?
True
Is 324949 prime?
True
Is 186841 prime?
True
Is 1101299 composite?
False
Is 63977 prime?
True
Is 94223 a prime number?
False
Is 18385 composite?
True
Is 4409 prime?
True
Is 139465 a prime number?
False
Is 11863 a composite number?
False
Is 486274 prime?
False
Is 15205 composite?
True
Is 4258 a composite number?
True
Is 184153 a composite number?
False
Is 117911 prime?
True
Is 360749 a prime number?
True
Is 6289 a composite number?
True
Is 1279 prime?
True
Is 67 prime?
True
Is 9481 a composite number?
True
Is 353603 prime?
True
Is 50185 composite?
True
Is 34415 a prime number?
False
Is 59973 a composite number?
True
Is 586529 composite?
True
Is 11113 a prime number?
True
Is 59107 a composite number?
False
Is 324161 a prime number?
True
Is 2753783 a composite number?
False
Is 9357 composite?
True
Is 647 composite?
False
Is 4685 composite?
True
Is 33595 a composite number?
True
Is 959 prime?
False
Is 20422 prime?
False
Is 509939 prime?
True
Is 26153 prime?
True
Is 31471 composite?
True
Is 61121 a prime number?
True
Is 13129 a prime number?
False
Is 7187 a prime number?